{"id":7672,"date":"2024-05-02T16:01:00","date_gmt":"2024-05-02T19:01:00","guid":{"rendered":"https:\/\/colegiotantauco.cl\/ct2024\/?page_id=7672"},"modified":"2026-04-08T13:01:45","modified_gmt":"2026-04-08T16:01:45","slug":"anuarios","status":"publish","type":"page","link":"https:\/\/colegiotantauco.cl\/ct2024\/anuarios\/","title":{"rendered":"Anuarios"},"content":{"rendered":"\n<blockquote class=\"wp-block-quote is-layout-flow wp-block-quote-is-layout-flow\">\n<p><em>El Anuario Escolar se realiza con varios fines importantes. Documenta y preserva la memoria hist\u00f3rica de nuestro colegio, celebra los logros acad\u00e9micos, deportivos y extracurriculares de estudiantes y personal, y fomenta un sentido de pertenencia y comunidad. Adem\u00e1s, act\u00faa como recuerdo personal para los estudiantes, capturando momentos significativos de su vida escolar.<\/em><\/p>\n<\/blockquote>\n\n\n\n<div style=\"height:20px\" aria-hidden=\"true\" class=\"wp-block-spacer\"><\/div>\n\n\n\n<div class=\"wp-block-buttons is-content-justification-center is-layout-flex wp-container-core-buttons-is-layout-16018d1d wp-block-buttons-is-layout-flex\"><\/div>\n\n\n\n<p><\/p>\n\n\n<div class=\"wp-block-image\">\n<figure class=\"aligncenter size-full is-resized\"><img loading=\"lazy\" decoding=\"async\" width=\"781\" height=\"1002\" src=\"https:\/\/colegiotantauco.cl\/ct2024\/wp-content\/uploads\/2025\/04\/Captura-de-pantalla-2025-04-09-105203.png\" alt=\"\" class=\"wp-image-11301\" style=\"aspect-ratio:0.7794594941996851;width:379px;height:auto\" srcset=\"https:\/\/colegiotantauco.cl\/ct2024\/wp-content\/uploads\/2025\/04\/Captura-de-pantalla-2025-04-09-105203.png 781w, https:\/\/colegiotantauco.cl\/ct2024\/wp-content\/uploads\/2025\/04\/Captura-de-pantalla-2025-04-09-105203-234x300.png 234w, https:\/\/colegiotantauco.cl\/ct2024\/wp-content\/uploads\/2025\/04\/Captura-de-pantalla-2025-04-09-105203-768x985.png 768w\" sizes=\"auto, (max-width: 781px) 100vw, 781px\" \/><\/figure>\n<\/div>\n\n\n<div style=\"height:20px\" aria-hidden=\"true\" class=\"wp-block-spacer\"><\/div>\n\n\n\n<div class=\"wp-block-buttons is-content-justification-center is-layout-flex wp-container-core-buttons-is-layout-16018d1d wp-block-buttons-is-layout-flex\">\n<div class=\"wp-block-button\"><a class=\"wp-block-button__link wp-element-button\" href=\"https:\/\/drive.google.com\/file\/d\/16j0tBZfN7bP8vJd0P78qbRCv8KxgIVpm\/view?usp=drive_link\" target=\"_blank\" rel=\"noreferrer noopener\">Ver Anuario 2024<\/a><\/div>\n<\/div>\n\n\n\n<div style=\"height:20px\" aria-hidden=\"true\" class=\"wp-block-spacer\"><\/div>\n\n\n<div class=\"wp-block-image\">\n<figure class=\"aligncenter size-full\"><img loading=\"lazy\" decoding=\"async\" width=\"388\" height=\"523\" src=\"https:\/\/colegiotantauco.cl\/ct2024\/wp-content\/uploads\/2024\/05\/Ashampoo_Snap_miercoles-15-de-mayo-de-2024_16h39m28s_024_.png\" alt=\"\" class=\"wp-image-7938\" srcset=\"https:\/\/colegiotantauco.cl\/ct2024\/wp-content\/uploads\/2024\/05\/Ashampoo_Snap_miercoles-15-de-mayo-de-2024_16h39m28s_024_.png 388w, https:\/\/colegiotantauco.cl\/ct2024\/wp-content\/uploads\/2024\/05\/Ashampoo_Snap_miercoles-15-de-mayo-de-2024_16h39m28s_024_-223x300.png 223w\" sizes=\"auto, (max-width: 388px) 100vw, 388px\" \/><\/figure>\n<\/div>\n\n\n<div style=\"height:21px\" aria-hidden=\"true\" class=\"wp-block-spacer\"><\/div>\n\n\n\n<div class=\"wp-block-buttons is-content-justification-center is-layout-flex wp-container-core-buttons-is-layout-16018d1d wp-block-buttons-is-layout-flex\">\n<div class=\"wp-block-button\"><a class=\"wp-block-button__link wp-element-button\" href=\"https:\/\/drive.google.com\/file\/d\/1Mgv6XaFDL55ijTKfm_9DHBFxwvxNXxu3\/view?usp=sharing\" target=\"_blank\" rel=\"noreferrer noopener\">Ver Anuario 2023<\/a><\/div>\n<\/div>\n\n\n\n<div style=\"height:40px\" aria-hidden=\"true\" class=\"wp-block-spacer\"><\/div>\n\n\n<div class=\"wp-block-image\">\n<figure class=\"aligncenter size-full is-resized\"><img loading=\"lazy\" decoding=\"async\" width=\"637\" height=\"492\" src=\"https:\/\/colegiotantauco.cl\/ct2024\/wp-content\/uploads\/2024\/05\/Ashampoo_Snap_jueves-2-de-mayo-de-2024_14h57m09s_004_Chrome-Legacy-Window.png\" alt=\"\" class=\"wp-image-7673\" style=\"width:541px;height:auto\" srcset=\"https:\/\/colegiotantauco.cl\/ct2024\/wp-content\/uploads\/2024\/05\/Ashampoo_Snap_jueves-2-de-mayo-de-2024_14h57m09s_004_Chrome-Legacy-Window.png 637w, https:\/\/colegiotantauco.cl\/ct2024\/wp-content\/uploads\/2024\/05\/Ashampoo_Snap_jueves-2-de-mayo-de-2024_14h57m09s_004_Chrome-Legacy-Window-300x232.png 300w\" sizes=\"auto, (max-width: 637px) 100vw, 637px\" \/><\/figure>\n<\/div>\n\n\n<div style=\"height:20px\" aria-hidden=\"true\" class=\"wp-block-spacer\"><\/div>\n\n\n\n<div class=\"wp-block-buttons is-content-justification-center is-layout-flex wp-container-core-buttons-is-layout-16018d1d wp-block-buttons-is-layout-flex\">\n<div class=\"wp-block-button\"><a class=\"wp-block-button__link has-text-align-center wp-element-button\" href=\"https:\/\/drive.google.com\/file\/d\/1c-KgW74idJc0nCuIXJkxEn1VRUT5vZGM\/view\" target=\"_blank\" rel=\"noreferrer noopener\">Ver Anuario 2022<\/a><\/div>\n<\/div>\n\n\n\n<div style=\"height:40px\" aria-hidden=\"true\" class=\"wp-block-spacer\"><\/div>\n\n\n<div class=\"wp-block-image\">\n<figure class=\"aligncenter size-full is-resized\"><img loading=\"lazy\" decoding=\"async\" width=\"701\" height=\"535\" src=\"https:\/\/colegiotantauco.cl\/ct2024\/wp-content\/uploads\/2024\/05\/Ashampoo_Snap_jueves-2-de-mayo-de-2024_15h16m24s_005_Chrome-Legacy-Window.png\" alt=\"\" class=\"wp-image-7682\" style=\"width:529px;height:auto\" srcset=\"https:\/\/colegiotantauco.cl\/ct2024\/wp-content\/uploads\/2024\/05\/Ashampoo_Snap_jueves-2-de-mayo-de-2024_15h16m24s_005_Chrome-Legacy-Window.png 701w, https:\/\/colegiotantauco.cl\/ct2024\/wp-content\/uploads\/2024\/05\/Ashampoo_Snap_jueves-2-de-mayo-de-2024_15h16m24s_005_Chrome-Legacy-Window-300x229.png 300w\" sizes=\"auto, (max-width: 701px) 100vw, 701px\" \/><\/figure>\n<\/div>\n\n\n<div style=\"height:20px\" aria-hidden=\"true\" class=\"wp-block-spacer\"><\/div>\n\n\n\n<div class=\"wp-block-buttons is-content-justification-center is-layout-flex wp-container-core-buttons-is-layout-16018d1d wp-block-buttons-is-layout-flex\">\n<div class=\"wp-block-button\"><a class=\"wp-block-button__link wp-element-button\" href=\"https:\/\/colegiotantauco.cl\/wp-content\/uploads\/2022\/05\/ANUARIO-TANTAUCO-2021-6.pdf\" target=\"_blank\" rel=\"noreferrer noopener\">Ver Anuario 2021<\/a><\/div>\n<\/div>\n\n\n\n<div style=\"height:40px\" aria-hidden=\"true\" class=\"wp-block-spacer\"><\/div>\n\n\n<div class=\"wp-block-image\">\n<figure class=\"aligncenter size-full is-resized\"><img loading=\"lazy\" decoding=\"async\" width=\"702\" height=\"541\" src=\"https:\/\/colegiotantauco.cl\/ct2024\/wp-content\/uploads\/2024\/05\/Ashampoo_Snap_jueves-2-de-mayo-de-2024_15h19m00s_006_Chrome-Legacy-Window.png\" alt=\"\" class=\"wp-image-7685\" style=\"width:534px;height:auto\" srcset=\"https:\/\/colegiotantauco.cl\/ct2024\/wp-content\/uploads\/2024\/05\/Ashampoo_Snap_jueves-2-de-mayo-de-2024_15h19m00s_006_Chrome-Legacy-Window.png 702w, https:\/\/colegiotantauco.cl\/ct2024\/wp-content\/uploads\/2024\/05\/Ashampoo_Snap_jueves-2-de-mayo-de-2024_15h19m00s_006_Chrome-Legacy-Window-300x231.png 300w\" sizes=\"auto, (max-width: 702px) 100vw, 702px\" \/><\/figure>\n<\/div>\n\n\n<div style=\"height:20px\" aria-hidden=\"true\" class=\"wp-block-spacer\"><\/div>\n\n\n\n<div class=\"wp-block-buttons is-content-justification-center is-layout-flex wp-container-core-buttons-is-layout-16018d1d wp-block-buttons-is-layout-flex\">\n<div class=\"wp-block-button\"><a class=\"wp-block-button__link wp-element-button\" href=\"https:\/\/colegiotantauco.cl\/wp-content\/uploads\/2022\/05\/ANUARIO-2020.pdf\" target=\"_blank\" rel=\"noreferrer noopener\">Ver Anuario 2020<\/a><\/div>\n<\/div>\n\n\n\n<div style=\"height:40px\" aria-hidden=\"true\" class=\"wp-block-spacer\"><\/div>\n\n\n<div class=\"wp-block-image\">\n<figure class=\"aligncenter size-full\"><img loading=\"lazy\" decoding=\"async\" width=\"404\" height=\"522\" src=\"https:\/\/colegiotantauco.cl\/ct2024\/wp-content\/uploads\/2024\/05\/Ashampoo_Snap_jueves-2-de-mayo-de-2024_15h21m55s_007_Chrome-Legacy-Window.png\" alt=\"\" class=\"wp-image-7687\" srcset=\"https:\/\/colegiotantauco.cl\/ct2024\/wp-content\/uploads\/2024\/05\/Ashampoo_Snap_jueves-2-de-mayo-de-2024_15h21m55s_007_Chrome-Legacy-Window.png 404w, https:\/\/colegiotantauco.cl\/ct2024\/wp-content\/uploads\/2024\/05\/Ashampoo_Snap_jueves-2-de-mayo-de-2024_15h21m55s_007_Chrome-Legacy-Window-232x300.png 232w\" sizes=\"auto, (max-width: 404px) 100vw, 404px\" \/><\/figure>\n<\/div>\n\n\n<div style=\"height:20px\" aria-hidden=\"true\" class=\"wp-block-spacer\"><\/div>\n\n\n\n<div class=\"wp-block-buttons is-content-justification-center is-layout-flex wp-container-core-buttons-is-layout-16018d1d wp-block-buttons-is-layout-flex\">\n<div class=\"wp-block-button\"><a class=\"wp-block-button__link wp-element-button\" href=\"https:\/\/colegiotantauco.cl\/wp-content\/uploads\/2022\/05\/FAMB-ANUARIO-TANTAUCO-2019.pdf\" target=\"_blank\" rel=\"noreferrer noopener\">Ver Anuario 2019<\/a><\/div>\n<\/div>\n","protected":false},"excerpt":{"rendered":"<p>El Anuario Escolar se realiza con varios fines importantes. Documenta y preserva la memoria hist\u00f3rica de nuestro colegio, celebra los [&hellip;]<\/p>\n","protected":false},"author":2,"featured_media":0,"parent":0,"menu_order":0,"comment_status":"closed","ping_status":"closed","template":"","meta":{"footnotes":""},"class_list":["post-7672","page","type-page","status-publish","hentry"],"_links":{"self":[{"href":"https:\/\/colegiotantauco.cl\/ct2024\/wp-json\/wp\/v2\/pages\/7672","targetHints":{"allow":["GET"]}}],"collection":[{"href":"https:\/\/colegiotantauco.cl\/ct2024\/wp-json\/wp\/v2\/pages"}],"about":[{"href":"https:\/\/colegiotantauco.cl\/ct2024\/wp-json\/wp\/v2\/types\/page"}],"author":[{"embeddable":true,"href":"https:\/\/colegiotantauco.cl\/ct2024\/wp-json\/wp\/v2\/users\/2"}],"replies":[{"embeddable":true,"href":"https:\/\/colegiotantauco.cl\/ct2024\/wp-json\/wp\/v2\/comments?post=7672"}],"version-history":[{"count":5,"href":"https:\/\/colegiotantauco.cl\/ct2024\/wp-json\/wp\/v2\/pages\/7672\/revisions"}],"predecessor-version":[{"id":13385,"href":"https:\/\/colegiotantauco.cl\/ct2024\/wp-json\/wp\/v2\/pages\/7672\/revisions\/13385"}],"wp:attachment":[{"href":"https:\/\/colegiotantauco.cl\/ct2024\/wp-json\/wp\/v2\/media?parent=7672"}],"curies":[{"name":"wp","href":"https:\/\/api.w.org\/{rel}","templated":true}]}}